- 1169 + 353 = u. What are the prime factors of o?
2, 3, 17
Let j(s) = 14*s - 29. Suppose -3*w + 35 = 5*f - 6*w, -4*f - 9 = 5*w. Suppose 0*x - u = x - f, 3*x - 28 = u. List the prime factors of j(x).
83
Let a(y) = -68*y**3 - y**2 - 26*y - 203. What are the prime factors of a(-6)?
5, 23, 127
Let o(r) = -5*r**2 - 35*r + 40. Let v(d) = -d**2 - d + 1. Let h(a) = -o(a) + 4*v(a). What are the prime factors of h(-41)?
2, 11, 17
Let u = 175 - 166. What are the prime factors of (u/(-27))/((-6)/3474)?
193
Let z(h) = 7*h**2 - 3*h. Let v(l) = 3*l**2 - l. Let s(u) = -5*v(u) + 2*z(u). Let w be s(-4). What are the prime factors of (w/(-5))/((-4)/(-240))?
2, 3
Let x = -9 + 8. What are the prime factors of (-3 - 0/2) + (-194)/x?
191
Let o = 1205 + -297. Suppose -o = -5*q + 3*n, -2*q - 3*n = -461 + 81. List the prime factors of q.
2, 23
Let y be 2/4*-1*-6. Suppose y*c + 3*i - 676 = 7*i, 208 = c + 3*i. List the prime factors of 6/(-33) + (-4)/(c/(-9855)).
179
Let p be 2291/29 + (-1 - 1). Suppose -p = -2*s + 363. List the prime factors of s.
2, 5, 11
Let r be (-35)/2*(-108)/189. Let j(f) = 18*f + 29. Let d(v) = 53*v + 87. Let m(q) = 3*d(q) - 8*j(q). What are the prime factors of m(r)?
179
Suppose -2*r + 56*b + 2 = 58*b, -2*r + 5 = 5*b. Suppose 2*w + 5*i = -2*w + 4188, r = -5*w + i + 5235. What are the prime factors of w?
3, 349
Let p(z) = -14*z - 14. Let h(c) = 29*c + 28. Let v(t) = 3*h(t) + 7*p(t). Let w be v(6). List the prime factors of w/15*27/(-6).
2, 3
Let x = 288 + -288. Suppose 3*h + w - 742 = x, -22*w + 508 = 2*h - 18*w. List the prime factors of h.
2, 3, 41
Suppose 2*n - 2*i = 2, -2*n - 7 - 3 = -5*i. Let k(h) = 5*h**2 + 178*h + 12. Let q be k(-36). Suppose 456 = n*g - q. What are the prime factors of g?
2, 3
Let s = -313 + 317. Suppose -9*o = -s*o + 4*u - 686, -o + 5*u + 143 = 0. List the prime factors of o.
2, 3, 23
Let j = -96 - -105. Suppose 0 = u - 2*d - 415, -2*u - 5*d = 2*u - 1686. Suppose 0 = j*p - 1867 - u. List the prime factors of p.
2, 127
Let l = 132 + -106. Let c = 76 - l. What are the prime factors of c?
2, 5
Suppose 3*f - 4*p = 10, 7 = 3*f - 0*p - p. Suppose m = -f*m - 4*m. Suppose 4*d - 95 - 217 = m. List the prime factors of d.
2, 3, 13
Let m(l) = -l**2 - 26*l + 19. Let c(h) = h + 15. Let p be c(-13). Suppose 5*n = -4*d - 27, p*d - 6*d - 3*n = 37. List the prime factors of m(d).
2, 47
Suppose -2*c = -2*q - 7*c + 26942, -4*c = 3*q - 40413. List the prime factors of q.
19, 709
Let s(m) = 2*m**2 - m - 1. Let k be s(-11). Let p = 124 + k. List the prime factors of p.
2, 47
What are the prime factors of 73031/7 + -8*(-2 - -3)?
3, 5, 139
Suppose -1536 = -7*o + 1544. Suppose -o = 7*h + 358. Let b = 209 + h. List the prime factors of b.
5, 19
Let n = -6511 + 23608. List the prime factors of n.
3, 41, 139
Let h = 61 - 56. Let v(f) = -f**3 + 5*f**2. Let g be v(h). Suppose 0 = 4*z + 8, g*p = 2*p - z - 168. List the prime factors of p.
83
Let u be 8546 + (-2)/(13/((-52)/8)). Suppose u = -47*z + 68*z. List the prime factors of z.
11, 37
Suppose -5*r + 0*r - 10 = 0. Let p(h) = 2*h**3 - 71*h**2 + 28*h + 150. Let s be p(35). Let i = r - s. What are the prime factors of i?
3, 31
Let q(k) = -k**3 - 5*k**2 + 5*k - 6. Let t be q(-7). Let l be (2 - 0) + (4 - -7*t). Let d = -199 + l. List the prime factors of d.
2, 103
Let a(s) = s**2 + 7*s + 4. Let d(b) = b + 73 + 0*b - 76. Let h be d(-4). What are the prime factors of a(h)?
2
Let x(a) = 2*a + 36. Let f be x(-15). Suppose 16 + 14 = f*u. Suppose -4*j = 5*g - 403, 3*g - u*j = 313 - 49. List the prime factors of g.
83
Suppose 4*k = -3*b + 300, 8 = -5*k - 7. List the prime factors of (-1 - -718) + b/(-13).
709
Let z(g) = -26*g - 26. Suppose -2*c + 4*n - 24 = 0, -2*n + 14 = -2*c - 8. List the prime factors of z(c).
2, 3, 13
Let h = -402 + 226. List the prime factors of (18/(-12))/(-3*(-4)/h).
2, 11
Let l(g) = 12*g**3 + 3*g**2 - 5*g - 5. Let i be l(-2). Let t = i - -82. What are the prime factors of 499/4 - 1*t/(-12)?
5
Let k = -393 - -599. Let h = k - 87. Suppose 160 + h = 3*v. What are the prime factors of v?
3, 31
Let m be (-491 + -1)/(63/(-210)). Suppose -6*b = -2*b - 3*a - m, -3*b = 2*a - 1213. List the prime factors of b.
11, 37
Suppose 5*h - 6 = 4. Let k be (4 - 2)/((-10)/(-125)*5). Suppose k*y = -5*l + 300, 0*l - h*l = -3*y + 165. What are the prime factors of y?
3, 19
Let k(d) = -29*d**3 + 13*d**2 + 4*d - 200. List the prime factors of k(-8).
2, 1931
Let m(q) be the first derivative of q**3 + 3*q**2/2 + 8*q - 388. Let t = -8 - -6. What are the prime factors of m(t)?
2, 7
Let q(x) = 3255*x - 334. What are the prime factors of q(5)?
19, 839
Suppose -6*z = 32*t - 31*t - 308, 5*z + 901 = 3*t. What are the prime factors of t?
2, 151
Suppose 4*d + 437 = 3*f, -f + 2*f - 560 = 5*d. Let c = d - -208. List the prime factors of c.
5, 19
Let w(s) = 4*s**2 - 20*s - 3. Let m be w(-9). Suppose -256*b = -253*b - m. What are the prime factors of b?
167
Let b = -4277 + 13990. List the prime factors of b.
11, 883
Let i = 56 - 48. Suppose 0 = -i*u + 4*u + 1796. Suppose r + u = 3*y + 85, -4*y = 4*r - 496. List the prime factors of y.
2, 61
Suppose -4 = -4*w, s - 5*w + 4*w - 212 = 0. Let u(l) = 22*l**3 - l**2 - l + 1. Let z be u(1). Suppose -4*d = z - s. What are the prime factors of d?
2, 3
Let z be -4*(-35)/14 - 4. What are the prime factors of 4/z*117/(-26) - -28?
5
What are the prime factors of (504/(-70))/(((-12)/2445)/2)?
2, 3, 163
Suppose 23*a = 21*a + 508. Suppose 0 = 4*s - g - a, 7*s - 5*s + 5*g - 116 = 0. Let c = 127 + s. What are the prime factors of c?
2, 5, 19
Let y = 3759 + 370. Suppose 752 - y = -11*v. What are the prime factors of v?
307
Let j(u) = 50*u**2 - 34*u - 7. Let t(q) = -17*q**2 + 12*q + 2. Let w(b) = 3*j(b) + 8*t(b). What are the prime factors of w(5)?
3, 5, 7
Let l = -24 - -26. Let i be l*4/24*1*3. Let c(j) = 70*j**3 + j**2 - 2*j. What are the prime factors of c(i)?
3, 23
Let g(z) = 3*z**2 - 10*z - 638. List the prime factors of g(47).
5519
Let f(v) = -v**2 - 5*v + 14. Let d = -29 - -23. Let k be f(d). Suppose 0 = -3*b - 5*s + 171, k - 2 = -2*s. What are the prime factors of b?
2, 31
Let u(z) = z**2 - 8*z + 12. Let q be u(3). Let h(k) = 7*k**3 - 2*k - 7. Let s(a) = 4*a**3 - a - 3. Let f(l) = -3*h(l) + 5*s(l). List the prime factors of f(q).
2, 3, 5
Let y = 2397 + -1365. Let n = y - 317. List the prime factors of n.
5, 11, 13
Let g = 371 + -374. What are the prime factors of 2/(-8) + 10385/20 + g?
2, 3, 43
Let q(r) = 11 + 3*r + 57 - 7 + 0*r. Let x be q(-18). Suppose 15*k = x*k + 472. What are the prime factors of k?
59
Let v = 29035 + -19536. What are the prime factors of v?
7, 23, 59
Suppose -7*d + 337 = 36. Let r = d - 34. Suppose r*i + 118 = 11*i. List the prime factors of i.
59
Let p(y) = y**2 + 118*y + 5731. List the prime factors of p(84).
22699
Suppose 0 = -k - 5*o + 307, -5*k + 4*k + 307 = 3*o. Let q = 1272 - k. List the prime factors of q.
5, 193
Suppose 9232 = -f + 20415. What are the prime factors of f?
53, 211
Suppose -25 = -17*l + 22*l. What are the prime factors of (30/(-9))/l - 5225/(-33)?
3, 53
Suppose 3*a - 3*p = -2565, -2*a - 4*p - 60 = 1668. Let k = -37 - a. List the prime factors of k.
821
Let o be (-826)/(-21) - (-5)/3. Let i = 255 - o. Suppose -53*u = -54*u + i. What are the prime factors of u?
2, 107
Suppose 121*g - 3*c = 119*g + 84247, -12*c = 2*g - 84232. List the prime factors of g.
2, 21061
Let k(w) = -36*w + 12. Let r(d) = 2*d - 40. Let v be r(18). Let a be k(v). Let p = a - 53. What are the prime factors of p?
103
Suppose 0 = -5*i + 5, -5*i + 98750 + 87855 = 5*v. What are the prime factors of v?
2, 3, 5, 311
Let n(k) be the first derivative of -k**2/2 + 13*k - 81. What are the prime factors of n(-4)?
17
Suppose -q - c = -67305, -5*c + 538443 = -15*q + 23*q. What are the prime factors of q?
2, 73, 461
Let m = -511 - -247. Let k = 603 + m. What are the prime factors of k?
3, 113
Let i = 36 + -31. Let m(c) = -c**2 + c + 22. Let k be m(i). Suppose -p + 60 = 4*q - 74, 472 = 3*p - k*q. What are the prime factors of p?
2, 7, 11
List the prime factors of (-545 + -11)*-16 + 4.
2, 5, 89
Let b = 4330 - 2827. Suppose 4*u = 15 + 5, 0 = -3*h - 3*u + b. Suppose -2*d - h = -6*d. What are the prime factors of d?
2, 31
Let k = -54 + 48. Let p be k/(-21) + (-5 - (-110)/7). Suppose 5*j 